s the value of -17 - ((-2 - -1) + (6 + -1 - 9))?
-12
Evaluate (858 - 857) + (2 - -18).
21
What is (-11 - (-9 + -7)) + 0?
5
Calculate -4 - (-9 + 17 + -9 - -10).
-13
Calculate 0 + 13 + -85 + (129 - 27).
30
What is the value of -2 - -16 - (-39 - (-65 + 21))?
9
What is -2 + -6 + -6 + 9 + -7?
-12
Evaluate 5 + 3 + -9 + -32 + 26 - -3.
-4
What is the value of (-1 - (15 - (19 + -12))) + -13?
-22
(-12 - (-1 - 3)) + (27 - 28)
-9
7 + 6 + 3 + (-4 - 2)
10
Evaluate 107 + -96 - (-1 - -13).
-1
Calculate -10 + 5 + 1 + -2 + (-6 - -10).
-2
4 - (11 + -2 - 17)
12
Evaluate -37 + (-17 - (-47 + 11 - 0)).
-18
What is -1 + -15 - ((-1 - (5 - -2)) + 2)?
-10
3 - ((4 + 4 - 14) + 8 + -10)
11
What is the value of 24 + -30 + 8 + (1 - -6)?
9
Calculate -6 - 1 - (41 - 56).
8
5 - (-1 - 2 - ((16 - -13) + -20))
17
What is -16 + 9 - (6 + (-8 - -4))?
-9
Calculate -60 + (-31 - -33) - -33.
-25
-2 + 4 - (-9 + 1 + 19)
-9
What is -1 + 9 - (-14 + 35 - -10)?
-23
Calculate 1 - (35 - (-31 - -34)).
-31
Evaluate -45 - -56 - (2 - -7) - (0 - 7).
9
What is 14 + (-4 - -12) - 38?
-16
Evaluate 2 + 10 + (-14 - -19) + -2.
15
8 + 2 + -2 + (-49 - -58)
17
Calculate (-46 - -21) + 2 + 12.
-11
-21 - (1 - (10 - 7) - 6)
-13
Calculate -7 + (11 + -3 - 18) + 2 + 3.
-12
What is (-2 - ((-9 - (-1 + 0)) + 3)) + -16?
-13
What is the value of (-3 - -4) + -22 - (27 + -18)?
-30
-6 - -16 - (-8 - (-3 - 24))
-9
Calculate (14 - -2) + (172 - 174).
14
What is (9 - (-11 - -25)) + 0 + 6?
1
Evaluate 1066 - 1101 - (-1 - 42).
8
(-14 - (-11 - -2 - -4)) + 3
-6
What is -3 - 13 - (-121 + 126) - 2?
-23
What is the value of 12 + (-8 - -7) - (28 - 7)?
-10
What is the value of 0 + ((-1 - 4 - -2) + -2 - 0)?
-5
Evaluate (0 - -1) + 8 + (36 - (47 + -6)).
4
What is the value of -10 + 11 - (4 - (25 + -4))?
18
-48 + 27 + -3 - 8
-32
Calculate -7 + -6 + (-1 - (-2 + -26)).
14
Calculate -78 + 75 - ((-4 - -15) + -5).
-9
What is the value of (9 - 18) + (-5 - (10 - (1 + 3)))?
-20
What is 0 + -23 - (-295 - -266)?
6
What is 26 + (17 - 21 - (14 - 16))?
24
Calculate 2 + -2 + -2 + 2 + -6 + 5.
-1
What is -5 - (-1 - ((1 - 4) + -5))?
-12
What is 25 - (7 - -4) - 27?
-13
Evaluate 3 + (-16 - 5) + 3 + 9.
-6
Evaluate (-1 - (32 - 16)) + 8.
-9
What is -1 + 4 + 1 - (-291 - -294)?
1
What is 52 - (9 - (-45 - -23))?
21
What is (3 - (5 + -1)) + 3 - 13?
-11
What is the value of -14 + 14 + (6 - 1) + (9 - -2)?
16
46 + -35 + 16 + -5
22
Calculate 9 + (-11 - -13) - 21.
-10
275 + -271 + 1 + -1 + (1 - 18)
-13
What is the value of 18 + (-1 - -2) + (9 - 12 - 1)?
15
2 + -2 + 3 + (-34 - -36 - 7)
-2
Evaluate 47 + -15 + -79 + 40.
-7
Evaluate 25 + 0 - 8 - 28.
-11
What is the value of (-12 - (8 + -8)) + 37?
25
Calculate 17 - (-2 + -10 + 24 + -12).
17
What is the value of 4 - (-8 + (7 - -5)) - -10?
10
What is 4 + 9 + (2 - (-1 - -6 - 1))?
11
Calculate (-5 - -4) + 17 + (-417 - -426).
25
Evaluate 3 + (1 - (2 + 0)) - (24 - 25).
3
What is -6 + -6 + (3 - (-9 + 6 - -4))?
-10
Calculate (39 - 32 - (3 + (-1 - -1))) + 11.
15
Evaluate (1 - -15) + 176 + -182.
10
-1 + 1 - (-9 - (-7 - -5 - 21))
-14
Calculate -4 + -7 + -8 + 16 - -1.
-2
What is -9 - (-2 - 0 - -7 - (-38 - -71))?
19
What is the value of (6 - (-9 - 5 - -13)) + -9?
-2
Calculate 0 - (-5 - -10 - (0 + 13)).
8
(-33 - -77) + 1 + -23
22
Evaluate -34 - ((-7 - -19) + (1 - 24)).
-23
Evaluate 21 - (19 + 1) - -7.
8
(-20 - -37) + 2 + -27
-8
Evaluate 37 + -13 + (12 - 17).
19
What is the value of 32 + (-23 - -5) + (9 - 1)?
22
(13 - (10 + 0)) + -13
-10
What is the value of -11 + -17 - -26 - (-1 - (-1 + -5))?
-7
What is 0 + 24 + (-11 + 3 - 0) + -11?
5
What is 14 + -1 + 94 + -123?
-16
What is the value of 27 + -38 + 22 + -6?
5
Evaluate 27 - (16 + 3 - -3 - 10).
15
What is -16 - -13 - (-4 + -5 - -19)?
-13
Calculate (26 - (6 + -8)) + (-86 - -70).
12
What is 121 - 111 - (-1 + 0 + -1 - -5)?
7
(-16 + 25 - 12) + -6 + -12
-21
((-16 - -4) + -4 - -10) + (8 - 3)
-1
20 + (-24 + 10 - 3)
3
What is the value of 6 + (-20 - 5) + -1 - (5 + -10)?
-15
What is 2 + 8 + 0 - (31 - (-36 - -59))?
2
22 + -12 + (-6 - (-4 + 7 + 1))
0
What is 6 + -8 + -8 + -3 + 7?
-6
What is the value of 3 + 2 + (-8 - 1) + 0 + 11?
7
What is (3 - -17) + (3 + 3 - (-4 - -17))?
13
What is -1 - (7 + (3 - (-8 + 14)))?
-5
(1 - 1 - -16) + (-2 - -12) + -13
13
Calculate 12 - (-9 + (2 - -8 - 7)) - 5.
13
(4 - 4) + 4 + (-14 - (23 - 29))
-4
What is the value of -51 - -66 - (17 - -2)?
-4
Evaluate (-18 - -28 - (-6 - 0)) + -9.
7
What is -52 + 38 + 42 - (0 - 0)?
28
Calculate -479 + 467 + 0 + 0 + 1 + -1.
-12
What is the value of -10 - (-16 - 0) - -7?
13
Calculate -12 + (6 - -23) + -9.
8
Calculate 15 - (-16 + (14 - -1)).
16
What is the value of 6 - (31 - 40) - 18?
-3
Evaluate 16 - (0 - (6 - 3) - (-148 - -142)).
13
Evaluate -66 - (-17 + -16) - -6.
-27
Calculate 12 + 1 - (1 - -3).
9
(-2 + -15 - -16) + 0 + -1
-2
What is the value of -8 - (-3 + (-6 + -4 - 10))?
15
Evaluate 0 + 2 + -15 - -8.
-5
What is the value of (-9 - 3) + (-12 + 11 - -12)?
-1
What is 32 + 28 + -35 - -11?
36
What is -38 - -56 - (4 + 1)?
13
What is 3 + -15 - ((-4 - 1) + (5 - 1))?
-11
Evaluate 49 + 0 + -48 + (-5 - -1).
-3
Calculate 5 + (-21 - -14) - 13 - (-2 - 1).
-12
15 + -5 + (0 + -4 - (-119 - -110))
15
Evaluate 13 + -1 + -5 - (10 + -2).
-1
What is the value of -7 - ((0 - 2) + 5 + -12 + 8)?
-6
What is the value of -4 + (-7 - -6) + (-1 - 0 - -4)?
-2
Evaluate 1 + -4 - 15 - -7.
-11
Calculate 1 - ((0 - 1) + 11 - 19 - 10).
20
19 + -21 + 8 + 3
9
What is the value of (6 - 17) + 18 + -7?
0
What is the value of (36 - 12) + (-6 - 0) - 8?
10
1 + -23 + (386 - 329) - (-1 - -1)
35
Calculate 14 + -8 + -29 + 8 - 10.
-25
What is the value of 2 - (-5 - -4) - -1 - (-11 + 7)?
8
What is -6 - -23 - 6 - 17?
-6
-3 + (2 - (9 + (-10 - -5))) - 6
-11
Calculate 17 + 14 + (-14 - (-3 - 2)).
22
What is the value of 7 - (4 - (-3 + 6) - (3 - 18))?
-9
Evaluate -6 + 27 - 28 - (-16 + 2).
7
What is the value of 1 - 2 - (19 + -18) - -24?
22
Calculate -42 + 28 + 27 - 10.
3
What is the value of 4 - (-5 - -5 - 8 - -8)?
4
42 + 2 + (-595 - -526)
-25
Calculate 4 + 1 - (7 + -7 - (9 + -43)).
-29
11 - 22 - 0 - 6
-17
What is (0 - 1) + (23 - 13) + (2 - 8)?
3
What is (-5 - -1) + 54 + -56 + (2 - -6)?
2
Calculate (6 - (14 + -3 + 0 + 3)) + 14.
6
What is the value of (-12 - 17 - -6) + 13?
-10
Evaluate (29 + -32 - (-18 + 2)) + -8.
5
What is 3 + -21 - (7 - 16) - (1 + -32)?
22
(-18 - -10) + (10 - ((6 - 1) + -1))
-2
What is the value of -2 + -3 - (54 + -62)?
3
What is -23 + (-5 + 24 - -10)?
6
(4 - 7 - 21) + 25 + -8
-7
Calculate 10 + (-3 - (-14 + 20)).
1
(4 + 2 - (28 + -25)) + 5
8
Calculate -17 + 3 + 10 + 11 + (-4 - -9).
12
9 - (4 - -2) - (1 + 12) - 2
-12
Evaluate -21 + 16 - -6 - -7.
8
What is 32 - (-3 + -32 - -83)?
-16
What is (-63 - -50 - 15) + 0 + 3 + 0?
-25
What is (-11 - -10) + (-1 - 4 - -1)?
-5
Evaluate (-32 - (-48 - -9)) + -2 + -1.
4
1 + -1 + 7 + (3 - 19) + 10
1
Evaluate -12 - (-4 - 1) - (-20 + 0 + 5).
8
What is -20 - (-4 + -7) - 7 - -28?
12
What is 3 + (6 - 13) + -6 + -1?
-11
What is -2 + (-1 - 0 - (-71 - -65)) + 1?
4
Evaluate -19 + (-8 - (15 + -26)) - -44.
28
What is -21 - (-2 + -50 + 33)?
-2
What is the value of -3 + (-1 - (10 + 2)) + (-19 - -23)?
-12
What is (0 - 5) + 10 + -3 + -4?
-2
Evaluate (4 - 0) + -4 + 2 + 8.
10
Evaluate (2 - -1 - (-20 - -20)) + 9.
12
What is (3 - 32) + 0 + -1 + (-21 - -30)?
-21
What is the value of 0 + -21 + (-38 - -51 - 22)?
-30
Calculate -18 + (5 - 7) - (-8 + 1).
-13
What is the value of -3 + 1 + (-42 + 32 - (-15 - 0))?
3
What is the value of 9 - (-5 - (-6 + 2) - 9)?
19
Calculate 0 + 1 - (-7 + (-10 - -19)).
-1
Evaluate (16 - 38 - -6) + 25.
9
What is the value of 4 + -36 + 247 + -190?
25
Calculate 100 - 107 - (-12 - 1 - (-3 - -5)).
8
What is -15 + 0 + (14 - 7) + -17?
-25
What is -14 - -7 - (-2 - (4 - 7))?
-8
Calculate (0 - 1 - 3) + (9 - -2).
7
Calculate -12 + 29 + -18 - -23.
22
Evaluate -167 + 174 + (0 - -1 - 9).
-1
Calculate 32 - ((21 - (10 + 5)) + (-5 - -2)).
29
(21 - 46) + 5 - (-4 + -1)
-15
Calculate 55 + -55 - (-6 - -8 - 0).
-2
Evaluate -22 - (7 + 5) - -15.
-19
What is the value of -18 - 0 - ((-18 - 2) + 33 + -15)?
-16
What is the value of -30 + -2 + (9 - -7)?
-16
Evaluate 5 - -20 - (17 + 17).
-9
What is the value of -6 - ((-25 - -17) + -13 - (0 - -2))?
17
What is -1 + -7 + -1 - (-176 + 174) - -26?
19
Evaluate -8 + (86 + -89 - (-1 + 0 + -1)).
-9
-16 + 22 - (6 + -1) - (0 - 1)
2